112593 and 481.
481
Calculate the highest common factor of 26802148 and 1740.
116
What is the highest common divisor of 482 and 41204734?
482
Calculate the greatest common factor of 650 and 725478.
26
What is the greatest common factor of 26400 and 9855285?
165
What is the highest common factor of 2133 and 32629923?
711
What is the greatest common divisor of 15560160 and 770?
770
Calculate the greatest common divisor of 1209229 and 334079.
761
Calculate the greatest common factor of 271938388 and 4.
4
What is the highest common divisor of 14760 and 17776616?
328
Calculate the highest common factor of 15610 and 128285210.
2230
Calculate the highest common divisor of 1190250 and 42.
6
What is the greatest common factor of 1142 and 447435029?
571
What is the greatest common factor of 424 and 33081646?
106
What is the greatest common divisor of 649948 and 68237?
377
What is the highest common factor of 4329 and 25070201?
481
What is the highest common divisor of 533560 and 3040?
40
Calculate the greatest common divisor of 469 and 6741329.
7
Calculate the highest common factor of 672 and 5839456.
224
Calculate the greatest common divisor of 225 and 48067731.
9
What is the greatest common factor of 880208 and 2824904?
2168
Calculate the highest common divisor of 685783 and 157752.
2191
Calculate the highest common divisor of 2 and 122113.
1
What is the highest common divisor of 17219878 and 65858?
442
What is the greatest common divisor of 1010187 and 213?
3
Calculate the greatest common divisor of 40 and 43882270.
10
What is the greatest common divisor of 611041 and 82272?
857
Calculate the highest common factor of 2071316 and 1049932.
3172
Calculate the greatest common factor of 6387794 and 1790.
358
What is the greatest common divisor of 98970 and 1080?
30
What is the greatest common divisor of 24 and 23433864?
24
Calculate the greatest common divisor of 1320 and 2723270.
110
Calculate the highest common divisor of 108300 and 49578.
6
What is the highest common factor of 480 and 48409824?
96
Calculate the highest common factor of 22 and 1364629651.
11
Calculate the greatest common divisor of 178 and 435969348.
178
Calculate the highest common factor of 325 and 2550535.
65
Calculate the highest common factor of 3165 and 1983189.
633
Calculate the greatest common factor of 31745071 and 427.
61
What is the greatest common factor of 1112 and 1537783132?
556
What is the highest common divisor of 26 and 30524104?
26
What is the greatest common factor of 468072 and 891?
297
Calculate the greatest common divisor of 235831 and 904.
113
What is the greatest common factor of 7932 and 2661?
3
What is the greatest common divisor of 43302166 and 4856?
1214
What is the greatest common factor of 1211 and 13726339?
173
What is the highest common divisor of 3445 and 635479?
13
Calculate the greatest common factor of 14055889 and 34.
17
Calculate the highest common factor of 4739 and 1865493.
7
What is the highest common factor of 943 and 3650836?
23
What is the highest common divisor of 4758264 and 3969?
567
Calculate the highest common divisor of 1833 and 2006618.
47
Calculate the highest common factor of 34 and 2220557.
17
What is the highest common divisor of 193374 and 11556?
54
Calculate the highest common divisor of 1126 and 1338251.
563
What is the greatest common factor of 268 and 231177403?
67
Calculate the greatest common factor of 386974 and 15301062.
1834
What is the greatest common divisor of 5213744 and 740?
148
What is the greatest common factor of 317424 and 108531?
1167
Calculate the highest common divisor of 2272 and 2872660.
284
Calculate the greatest common factor of 1155 and 15150795.
165
Calculate the highest common factor of 395008 and 7296.
128
Calculate the highest common factor of 8876229 and 129294.
1959
What is the greatest common factor of 390136662 and 801?
801
What is the greatest common divisor of 14752 and 2504?
8
What is the highest common divisor of 5486274 and 10026?
18
What is the highest common divisor of 1746 and 146131470?
1746
What is the greatest common divisor of 4417058 and 4716?
262
What is the greatest common divisor of 11809 and 117700303?
11809
What is the highest common factor of 452 and 28652732?
452
What is the greatest common divisor of 4372127 and 15301?
107
What is the greatest common divisor of 7640459 and 1343656?
3169
Calculate the highest common divisor of 1581 and 8401978.
17
Calculate the highest common divisor of 1043138550 and 552.
138
Calculate the greatest common divisor of 7581775 and 125.
25
Calculate the highest common factor of 134 and 20414431.
67
Calculate the greatest common divisor of 34159110 and 60.
30
Calculate the greatest common factor of 1104 and 693105.
69
Calculate the greatest common factor of 2091 and 23939859.
2091
What is the highest common factor of 38509 and 416056?
397
What is the highest common factor of 145509 and 100450?
287
What is the greatest common factor of 650 and 143643422?
26
Calculate the highest common factor of 8 and 95364488.
8
Calculate the greatest common divisor of 36455 and 464371081.
7291
Calculate the greatest common factor of 21300 and 987600.
300
What is the greatest common factor of 3448942 and 28819?
161
Calculate the highest common divisor of 433570 and 710510.
2270
What is the highest common factor of 9222 and 35923344?
174
Calculate the greatest common factor of 125697747 and 2154.
1077
What is the greatest common factor of 2562 and 240523?
61
What is the greatest common factor of 177275 and 1174075?
175
Calculate the highest common factor of 13898246 and 31424.
982
What is the highest common factor of 651810 and 15?
15
Calculate the highest common factor of 2329551 and 307146.
2163
Calculate the greatest common factor of 45840 and 583200.
240
What is the greatest common factor of 268245 and 96255?
135
What is the highest common divisor of 708394 and 26558?
542
Calculate the highest common factor of 80201 and 63250.
253
What is the highest common factor of 3040 and 208544?
608
What is the greatest common factor of 779 and 11594267?
41
What is the highest common factor of 13468 and 99734388?
1924
Calculate the greatest common divisor of 2427 and 98608201.
809
Calculate the highest common divisor of 35515178 and 8907.
2969
What is the highest common divisor of 22 and 73276258?
22
What is the greatest common divisor of 1354 and 575403287?
677
Calculate the highest common divisor of 15312 and 15275216.
176
Calculate the greatest common divisor of 13 and 76420357.
13
What is the greatest common divisor of 45 and 668983815?
45
What is the highest common factor of 73 and 5063744061?
73
What is the greatest common factor of 1877 and 185866171?
1877
What is the greatest common factor of 105 and 7232880?
15
What is the highest common divisor of 40 and 2126655?
5
Calculate the highest common factor of 17 and 793190573.
17
Calculate the greatest common factor of 166 and 76435696.
166
What is the greatest common factor of 1246 and 19310242?
14
What is the greatest common divisor of 630195 and 705?
15
Calculate the greatest common divisor of 94369 and 45034.
253
Calculate the highest common factor of 183235 and 2691.
13
Calculate the highest common divisor of 21586 and 73923014.
502
What is the greatest common factor of 1111 and 1606607?
101
What is the greatest common factor of 1302945 and 273?
21
What is the highest common divisor of 1708 and 2373622118?
854
Calculate the highest common divisor of 921 and 96171741.
921
What is the highest common factor of 414 and 26229591?
207
Calculate the greatest common divisor of 40 and 37337448.
8
Calculate the greatest common divisor of 36467316 and 36.
36
What is the highest common divisor of 90735216 and 1092?
156
Calculate the greatest common divisor of 58258839 and 6302.
3151
What is the greatest common factor of 1975558784 and 128?
128
Calculate the greatest common divisor of 10258 and 45673522.
446
What is the highest common factor of 1494988260 and 3635?
3635
What is the highest common factor of 146615464 and 872?
872
Calculate the greatest common divisor of 976320 and 15936.
192
Calculate the highest common divisor of 44660 and 79228.
116
What is the highest common divisor of 5584 and 218474?
698
What is the hi